*h - 8. Suppose -h*i = -2*i - s. What is the tens digit of i?
2
Let l be (-6)/4*(47 - 3). Let o be l/(-8) - (-1)/(-4). Suppose o*q = 10*q - 2. What is the units digit of q?
1
Suppose -3*j + 4*p - 62 = -283, 4*p + 292 = 4*j. Let q = -2 + j. What is the tens digit of q?
6
Let f = -2644 + 5202. What is the thousands digit of f?
2
Let n be ((-1)/2)/(1/(-170)). Suppose 0 = -2*p + p + 3*h + 134, 0 = -3*p + 5*h + 390. Let m = p - n. What is the units digit of m?
0
What is the tens digit of (15/30)/((-1)/(-570))?
8
Suppose -3*a + 1150 = r, 18 - 16 = 2*r. What is the units digit of a?
3
Suppose 9928 = 8*a - 10904. What is the units digit of a?
4
Suppose -318 = -2*x + 396. Suppose -x = -5*b + 4*q, 0 = -5*b + 3*q + 421 - 67. What is the units digit of b?
9
Let f be (-12082)/(-56) + 3/12. Suppose 0*u = 6*u - f. What is the tens digit of u?
3
Suppose -4*r + 710 = 3*a, 7*a - 685 = 4*a + r. What is the hundreds digit of a?
2
Let n(g) = -g**3 + 5*g**2 - g - 2. Let z be n(4). Let x be (20/25)/(4/z). Suppose x*t = 5*y - 2*y - 5, -t - 2 = -y. What is the units digit of y?
1
Let n(f) = -25*f**3 + 9*f**2 + 17*f + 19. Let t(p) = -13*p**3 + 4*p**2 + 8*p + 9. Let w(a) = -6*n(a) + 13*t(a). What is the units digit of w(-2)?
3
Suppose z = 7 - 4. What is the units digit of (z - (-69)/(-12))*-8?
2
Let l be (17/34)/((15/18)/5). Let m(x) = x. Let h be m(5). Suppose -h*z - 44 = -4*p, -p = -2*z - l*z + 4. What is the tens digit of p?
1
Suppose 280 = 3*d - 3*f - 464, 4*f + 260 = d. What is the hundreds digit of d?
2
Let x = -23 + 26. Suppose -x*m + 80 = -2*m. Suppose 0 = 4*h + h - m. What is the tens digit of h?
1
Suppose 0 = -11*u + 10*u + 1431. What is the hundreds digit of u?
4
Let q = -315 - -808. What is the units digit of q?
3
Suppose -936 = -3*q + 4*w + 960, 0 = -3*q - 3*w + 1917. What is the units digit of q?
6
Let i = 32 - 26. Let g be i/15 + 48/30. Suppose -57 - 9 = -g*l. What is the tens digit of l?
3
Let b(i) = 2*i**2 - 2*i - 50. Let v be b(-20). Suppose -2*m = 4*f - 658, -3*f = 2*f - 4*m - v. What is the units digit of f?
2
Let z(l) = 11*l - 8. Let b be z(7). Let h = -22 + b. What is the units digit of h/2 + 30/(-20)?
2
Let a = 30 - 27. Let p(b) = 2*b**3 + 2. What is the units digit of p(a)?
6
Suppose 0 = 3*s - s - p - 5, 0 = -5*s + p + 14. Suppose 3*r + 2*u - 78 = s*u, 87 = 3*r - 4*u. What is the units digit of r?
5
Suppose -2*b + 140 = 3*b. Suppose -126 = -2*i - b. What is the units digit of i?
9
Suppose -2*m - 11 = -2*p + 1, -5*p + 4*m + 30 = 0. What is the hundreds digit of 16*(p/(-3) + 3)*8?
1
Let f(n) = -5 - 19 + 1 + 10*n. What is the tens digit of f(12)?
9
Suppose i + 8*m - 3*m = 1296, 1261 = i - 2*m. What is the tens digit of i?
7
Let a(w) = 51*w - 50. What is the hundreds digit of a(12)?
5
Let t(p) = 4*p - 15. Let y be t(10). Suppose 0 = y*m - 21*m - 392. What is the units digit of m?
8
Suppose -18 = -3*s - 3*a, -4*s + 14 + 7 = 3*a. Suppose -t + 2*t - s = 0. Suppose -2*b = t*b - 95. What is the units digit of b?
9
Suppose 4*r - 37 = -9. Suppose 3*j = r*j - 8. What is the units digit of 2*j + (-5 - -44)?
3
Suppose 2*q - 116 = 546. Suppose -5*c + 5*o = 470, 4*c + 4*o = -q - 85. Let x = c - -152. What is the units digit of x?
3
Suppose -4*t - 10 = 2, -3*w + t = -1464. Suppose 5*b - 2*n - 805 = 0, 4*b = b + 2*n + w. What is the hundreds digit of b?
1
Let v = -2100 - -2756. What is the tens digit of v?
5
Let v be (-124)/24 - 1/(-6). What is the units digit of -2*((-1925)/(-10))/v?
7
Let v(f) = 29*f - 5. Let n be v(5). Suppose 4*a - 2*b = 604, a - n = -0*a - 5*b. What is the hundreds digit of a?
1
Let i(n) = 78*n**3 - n + 4*n**2 - 80*n**3 - 5*n**2. Suppose -7*l + 2*l - 5 = 0. What is the units digit of i(l)?
2
Suppose k + 346 = -d + 1228, k - 3522 = -4*d. What is the units digit of d?
0
Let s = 81 + -55. Suppose -3*i + s = -2*i. What is the tens digit of i?
2
What is the hundreds digit of (24/(-32) - -4)/((-3)/(-288))?
3
Suppose -23*n + 99414 = 19*n. What is the units digit of n?
7
Let y = -26 + 26. Suppose -5*q - 6*q + 2002 = y. What is the tens digit of q?
8
Suppose 4 = 3*r - 5. Suppose r*j = -5*i + 14 + 127, -4*j - i + 171 = 0. Suppose o + j = 3*o. What is the units digit of o?
1
Let v be (-611)/(-91) + 4/14. Suppose -3*k - 204 = -v*k. What is the units digit of k?
1
Suppose 5*m + 1050 = 2*j - 0*m, 4*j - 3*m - 2086 = 0. What is the units digit of j?
0
Let c be (-3 - -4)*(-185 + -2). Let a = c - -277. What is the units digit of a?
0
What is the tens digit of 7 - 14 - -331 - -7?
3
Suppose -q + 23 + 0 = 0. Suppose -3*s + q = 2*s - j, 3*s - 2*j - 11 = 0. What is the tens digit of 78/s*(-35)/(-14)?
3
Let x = 365 + 68. What is the tens digit of x?
3
What is the tens digit of 602 - 1/(((-20)/(-6))/(-10))?
0
Suppose -10*t + 246 = -364. What is the tens digit of t?
6
Let j be 0*(-2)/(-4) - 50. Suppose -4*r = -2*p + 164, -8*r - 356 = -4*p - 7*r. Let n = j + p. What is the units digit of n?
0
Let n = 251 - 115. Suppose b - 70 = -x, -3*b - 3*x + n = -b. What is the units digit of b?
4
Let i(y) = y**2 + 8*y - 2. Let j be i(-8). What is the tens digit of j/(-6) - 3016/(-78)?
3
Let w be 4 - -2*(-2781)/(-6). Suppose 6*o = -o + w. What is the tens digit of o?
3
What is the hundreds digit of (-7)/(28/(-2536)) - 10?
6
Suppose 3*w + 0*b + 4*b = 1523, -1018 = -2*w - 2*b. What is the tens digit of w?
1
Let r(f) = -f**3 + 16*f**2 + 14*f + 107. What is the hundreds digit of r(15)?
5
Suppose 0 = 2*h + v - 8, -3*v + 7*v = -4*h + 24. Suppose 0*g = -g + h*w + 203, -4*g + 823 = 3*w. What is the tens digit of g?
0
Let p = 336 - 479. Let s = p - -229. What is the units digit of s?
6
Let p = 484 - 278. What is the hundreds digit of p?
2
Let u(a) = -3*a + 48. Let w be u(9). Let z = 64 - w. What is the tens digit of z?
4
Suppose 0 = -3*y + 2*s + 1786, 6*y - 8*y - 5*s = -1197. What is the tens digit of y?
9
Let c(h) = -86*h - 82. What is the units digit of c(-9)?
2
Let j = 34 - 26. Let k = j - 10. Let n = 73 + k. What is the units digit of n?
1
What is the units digit of (-6253)/(-6) - (-1)/(-6)?
2
Suppose 0 = -37*s + 47*s - 2760. What is the units digit of s?
6
Suppose 5*i = 8*z - 4*z - 249, -4*z + 4 = 0. Let s be 14/i + 100/7. Let w = 43 - s. What is the units digit of w?
9
Let p = -98 + 84. What is the units digit of ((-4)/12*p)/(3/90)?
0
Let r be (-27)/(-12) + (-5)/20. Suppose -b = -r*b + 4. Suppose 29 + 81 = 5*h + b*m, -2*m = -h + 22. What is the units digit of h?
2
Suppose -2*d = -0*d - 996. Suppose 240 = 2*w + 2*x, 4*w + 3*x = 8*x + d. What is the hundreds digit of w?
1
Let d(c) = c**3 + c**2 - c + 2. Let q be d(-2). Suppose 0 = 4*p - 224 - 56. Suppose p = 2*b - q*b. What is the tens digit of b?
3
Suppose -4 - 12 = -4*y. Suppose 4*t + 0*t - 5 = -3*f, -5 = -5*f - 5*t. Let c = y + f. What is the units digit of c?
3
Suppose -3*v + 0*v + 15 = 0. Suppose v*g + 422 = 7*g. Suppose -2*q = 3*l - 74, 0*q = 5*q + l - g. What is the tens digit of q?
4
Let o(u) = 664*u**3 - 7*u**2 + 6*u - 1. What is the units digit of o(1)?
2
What is the units digit of ((-4)/(-10))/((-26)/(-48815))?
1
Suppose 0 = -3*i + 7 + 233. Let q = 160 - i. What is the tens digit of q?
8
Suppose 3*b - 2*u = -b + 38, u = 4*b - 41. Suppose -31*r = -30*r - b. What is the units digit of r?
1
Suppose 0 = -2*d - 8 + 6. Let y(n) = -4*n - 1. Let h be y(d). Suppose -2*k + 111 = 2*k - w, k + h*w = 31. What is the tens digit of k?
2
Suppose -5 = 2*h - h. Let y(v) = 8*v + 1. Let d be y(h). Let l = d - -59. What is the units digit of l?
0
Let f = 8 + 0. Let c be f/(-12) - 28/(-6). Suppose -11 = 4*o - 5*m - 50, 43 = c*o - m. What is the units digit of o?
1
Let k = 373 - 126. Let r = k - 92. What is the hundreds digit of r?
1
Let f be 5/2*8/10. Let h be 312/2*f/4. Suppose 4*y - h = -2*q, -y = -2*y + 5*q + 47. What is the tens digit of y?
2
Let x = -5 - -8. Let t be (-19)/((9/(-6))/x). Let i = 16 + t. What is the units digit of i?
4
Let m(y) be the first derivative of y**4/4 + 5*y**3/3 - 2*y**2 + y + 1. What is the units digit of m(3)?
1
Let j = 58 + -33. Let a(i) = -2*i. Let o be a(-3). Suppose s - o*s = -j. What is the units digit of s?
5
What is the tens digit of (-208286)/(-130) - (-4)/5?
0
Suppose -2*q - n = 13 + 1, -2*n - 4 = 0. Let j = -1 - q. Suppose -3*h - 12 = -4*a - 47, a - j = -2*h. What is the units digit of h?
5
Let i(n) = 